{"id":163,"date":"2018-08-27T19:42:48","date_gmt":"2018-08-27T19:42:48","guid":{"rendered":"http:\/\/www.fotos-tanvald.cz\/?page_id=163"},"modified":"2022-08-22T03:21:12","modified_gmt":"2022-08-22T03:21:12","slug":"nabidka-sluzeb-profesionalniho-fotografa-pro-vyrobni-firmy","status":"publish","type":"page","link":"https:\/\/www.fotos-tanvald.cz\/index.php\/nabidka-sluzeb-profesionalniho-fotografa-pro-vyrobni-firmy\/","title":{"rendered":"Tvorba produktov\u00fdch fotografi\u00ed pro v\u00fdrobn\u00ed firmy."},"content":{"rendered":"<h1><span style=\"color: #808080;\">Nab\u00edz\u00edme V\u00e1m fotografov\u00e1n\u00ed Va\u0161ich v\u00fdrobk\u016f v na\u0161em fotoateli\u00e9ru nebo je mo\u017en\u00e9 prov\u00e1d\u011bt pr\u00e1ce i u V\u00e1s. &nbsp;Produktov\u00e9 fotografie pro Va\u0161i p\u016fsobivou prezentaci na internetu.&nbsp;<\/span><\/h1>\n<h2><span style=\"color: #808080;\">P\u016fsobiv\u00e9 fotografie v kr\u00e1sn\u00e9m sv\u011btle jsou z\u00e1kladem ka\u017ed\u00e9 prezentace.&nbsp;<\/span><\/h2>\n<h3><span style=\"color: #808080;\"><strong>Fotografov\u00e1n\u00ed v prostorech u z\u00e1kazn\u00edka. Skl\u00e1\u0159sk\u00e1 v\u00fdroba &#8211; lustry.&nbsp;<\/strong>Firma vyr\u00e1b\u00ed pomoc\u00ed speci\u00e1ln\u00ed technologie kroucen\u00e9 sklen\u011bn\u00e9 ty\u010de a vyr\u00e1b\u00ed z nich jedine\u010dn\u00e9 k\u0159i\u0161\u0165\u00e1love lustry.&nbsp; &nbsp;&nbsp;<em>Fotografoval: Martin Jakoubek<\/em><\/span><\/h3>\n<p><img loading=\"lazy\" class=\" wp-image-148\" src=\"https:\/\/www.fotos-tanvald.cz\/wp-content\/uploads\/2018\/08\/1_P5272027-684x1024.jpg\" alt=\"\" width=\"577\" height=\"864\" srcset=\"https:\/\/www.fotos-tanvald.cz\/wp-content\/uploads\/2018\/08\/1_P5272027-684x1024.jpg 684w, https:\/\/www.fotos-tanvald.cz\/wp-content\/uploads\/2018\/08\/1_P5272027-200x300.jpg 200w, https:\/\/www.fotos-tanvald.cz\/wp-content\/uploads\/2018\/08\/1_P5272027-768x1150.jpg 768w\" sizes=\"(max-width: 577px) 100vw, 577px\" \/><\/p>\n<p><img loading=\"lazy\" class=\"alignnone size-large wp-image-146\" src=\"https:\/\/www.fotos-tanvald.cz\/wp-content\/uploads\/2018\/08\/1_P5272021-1024x719.jpg\" alt=\"\" width=\"525\" height=\"369\" srcset=\"https:\/\/www.fotos-tanvald.cz\/wp-content\/uploads\/2018\/08\/1_P5272021-1024x719.jpg 1024w, https:\/\/www.fotos-tanvald.cz\/wp-content\/uploads\/2018\/08\/1_P5272021-300x211.jpg 300w, https:\/\/www.fotos-tanvald.cz\/wp-content\/uploads\/2018\/08\/1_P5272021-768x539.jpg 768w\" sizes=\"(max-width: 525px) 100vw, 525px\" \/> <img loading=\"lazy\" class=\"alignnone size-large wp-image-145\" src=\"https:\/\/www.fotos-tanvald.cz\/wp-content\/uploads\/2018\/08\/1_P5272007-719x1024.jpg\" alt=\"\" width=\"525\" height=\"748\" srcset=\"https:\/\/www.fotos-tanvald.cz\/wp-content\/uploads\/2018\/08\/1_P5272007-719x1024.jpg 719w, https:\/\/www.fotos-tanvald.cz\/wp-content\/uploads\/2018\/08\/1_P5272007-211x300.jpg 211w, https:\/\/www.fotos-tanvald.cz\/wp-content\/uploads\/2018\/08\/1_P5272007-768x1093.jpg 768w\" sizes=\"(max-width: 525px) 100vw, 525px\" \/><\/p>\n<p><img loading=\"lazy\" class=\"alignnone size-large wp-image-142\" src=\"https:\/\/www.fotos-tanvald.cz\/wp-content\/uploads\/2018\/08\/1_P5061541-719x1024.jpg\" alt=\"\" width=\"525\" height=\"748\" srcset=\"https:\/\/www.fotos-tanvald.cz\/wp-content\/uploads\/2018\/08\/1_P5061541-719x1024.jpg 719w, https:\/\/www.fotos-tanvald.cz\/wp-content\/uploads\/2018\/08\/1_P5061541-211x300.jpg 211w, https:\/\/www.fotos-tanvald.cz\/wp-content\/uploads\/2018\/08\/1_P5061541-768x1094.jpg 768w\" sizes=\"(max-width: 525px) 100vw, 525px\" \/> <img loading=\"lazy\" class=\"alignnone size-large wp-image-138\" src=\"https:\/\/www.fotos-tanvald.cz\/wp-content\/uploads\/2018\/08\/1_EFP5271876-719x1024.jpg\" alt=\"\" width=\"525\" height=\"748\" srcset=\"https:\/\/www.fotos-tanvald.cz\/wp-content\/uploads\/2018\/08\/1_EFP5271876-719x1024.jpg 719w, https:\/\/www.fotos-tanvald.cz\/wp-content\/uploads\/2018\/08\/1_EFP5271876-211x300.jpg 211w, https:\/\/www.fotos-tanvald.cz\/wp-content\/uploads\/2018\/08\/1_EFP5271876-768x1094.jpg 768w\" sizes=\"(max-width: 525px) 100vw, 525px\" \/> <img loading=\"lazy\" class=\"alignnone size-large wp-image-144\" src=\"https:\/\/www.fotos-tanvald.cz\/wp-content\/uploads\/2018\/08\/1_P5271936-1024x719.jpg\" alt=\"\" width=\"525\" height=\"369\" srcset=\"https:\/\/www.fotos-tanvald.cz\/wp-content\/uploads\/2018\/08\/1_P5271936-1024x719.jpg 1024w, https:\/\/www.fotos-tanvald.cz\/wp-content\/uploads\/2018\/08\/1_P5271936-300x211.jpg 300w, https:\/\/www.fotos-tanvald.cz\/wp-content\/uploads\/2018\/08\/1_P5271936-768x539.jpg 768w\" sizes=\"(max-width: 525px) 100vw, 525px\" \/> <img loading=\"lazy\" class=\"alignnone size-large wp-image-143\" src=\"https:\/\/www.fotos-tanvald.cz\/wp-content\/uploads\/2018\/08\/1_P5271899-719x1024.jpg\" alt=\"\" width=\"525\" height=\"748\" srcset=\"https:\/\/www.fotos-tanvald.cz\/wp-content\/uploads\/2018\/08\/1_P5271899-719x1024.jpg 719w, https:\/\/www.fotos-tanvald.cz\/wp-content\/uploads\/2018\/08\/1_P5271899-211x300.jpg 211w, https:\/\/www.fotos-tanvald.cz\/wp-content\/uploads\/2018\/08\/1_P5271899-768x1094.jpg 768w\" sizes=\"(max-width: 525px) 100vw, 525px\" \/><\/p>\n<h1><span style=\"color: #808080;\"><strong>Fotografov\u00e1n\u00ed v na\u0161em fotoateli\u00e9ru. \u0160perky ze skla.&nbsp;&nbsp;<\/strong>Pomoc\u00ed techniky vinut\u00fdch sklen\u011bn\u00fdch perel vznikaj\u00ed origin\u00e1ln\u00ed \u0161perky.&nbsp; &nbsp;&nbsp;<em>Fotografoval: Martin Jakoubek<\/em><\/span><\/h1>\n<p><img loading=\"lazy\" class=\"alignnone size-large wp-image-153\" src=\"https:\/\/www.fotos-tanvald.cz\/wp-content\/uploads\/2018\/08\/1_DSCF0288-768x1024.jpg\" alt=\"\" width=\"525\" height=\"700\" srcset=\"https:\/\/www.fotos-tanvald.cz\/wp-content\/uploads\/2018\/08\/1_DSCF0288-768x1024.jpg 768w, https:\/\/www.fotos-tanvald.cz\/wp-content\/uploads\/2018\/08\/1_DSCF0288-225x300.jpg 225w\" sizes=\"(max-width: 525px) 100vw, 525px\" \/> <img loading=\"lazy\" class=\"alignnone size-large wp-image-152\" src=\"https:\/\/www.fotos-tanvald.cz\/wp-content\/uploads\/2018\/08\/1_DSCF0286-1024x768.jpg\" alt=\"\" width=\"525\" height=\"394\" srcset=\"https:\/\/www.fotos-tanvald.cz\/wp-content\/uploads\/2018\/08\/1_DSCF0286-1024x768.jpg 1024w, https:\/\/www.fotos-tanvald.cz\/wp-content\/uploads\/2018\/08\/1_DSCF0286-300x225.jpg 300w, https:\/\/www.fotos-tanvald.cz\/wp-content\/uploads\/2018\/08\/1_DSCF0286-768x576.jpg 768w\" sizes=\"(max-width: 525px) 100vw, 525px\" \/> <img loading=\"lazy\" class=\"alignnone size-large wp-image-151\" src=\"https:\/\/www.fotos-tanvald.cz\/wp-content\/uploads\/2018\/08\/1_DSCF0197-1024x768.jpg\" alt=\"\" width=\"525\" height=\"394\" srcset=\"https:\/\/www.fotos-tanvald.cz\/wp-content\/uploads\/2018\/08\/1_DSCF0197-1024x768.jpg 1024w, https:\/\/www.fotos-tanvald.cz\/wp-content\/uploads\/2018\/08\/1_DSCF0197-300x225.jpg 300w, https:\/\/www.fotos-tanvald.cz\/wp-content\/uploads\/2018\/08\/1_DSCF0197-768x576.jpg 768w\" sizes=\"(max-width: 525px) 100vw, 525px\" \/> <img loading=\"lazy\" class=\"alignnone size-large wp-image-150\" src=\"https:\/\/www.fotos-tanvald.cz\/wp-content\/uploads\/2018\/08\/1_DSCF0169-1024x768.jpg\" alt=\"\" width=\"525\" height=\"394\" srcset=\"https:\/\/www.fotos-tanvald.cz\/wp-content\/uploads\/2018\/08\/1_DSCF0169-1024x768.jpg 1024w, https:\/\/www.fotos-tanvald.cz\/wp-content\/uploads\/2018\/08\/1_DSCF0169-300x225.jpg 300w, https:\/\/www.fotos-tanvald.cz\/wp-content\/uploads\/2018\/08\/1_DSCF0169-768x576.jpg 768w\" sizes=\"(max-width: 525px) 100vw, 525px\" \/><\/p>\n<h3><strong>Fotografov\u00e1n\u00ed v prostor\u00e1ch u z\u00e1kazn\u00edka. Trezory a bezpe\u010dnostn\u00ed sk\u0159\u00edn\u011b.&nbsp;&nbsp;<\/strong>Z v\u00fdrobn\u00edch prostor u z\u00e1kazn\u00edka byl vytvo\u0159en prostorn\u00fd ateli\u00e9r, na\u0161e kr\u00e1sn\u00e9 modr\u00e9 pozad\u00ed trochu trp\u011blo, ale sv\u016fj \u00fa\u010del splnilo. Pomoc\u00ed zdvihac\u00edch za\u0159\u00edzen\u00ed urovn\u00e1me trezory a fot\u00edme.&nbsp; &nbsp;&nbsp;<em>Fotografoval: Martin Jakoubek<\/em><\/h3>\n<p><img loading=\"lazy\" class=\"alignnone size-large wp-image-141\" src=\"https:\/\/www.fotos-tanvald.cz\/wp-content\/uploads\/2018\/08\/1_NS4_III_CH160073-910x1024.jpg\" alt=\"\" width=\"525\" height=\"591\" srcset=\"https:\/\/www.fotos-tanvald.cz\/wp-content\/uploads\/2018\/08\/1_NS4_III_CH160073-910x1024.jpg 910w, https:\/\/www.fotos-tanvald.cz\/wp-content\/uploads\/2018\/08\/1_NS4_III_CH160073-267x300.jpg 267w, https:\/\/www.fotos-tanvald.cz\/wp-content\/uploads\/2018\/08\/1_NS4_III_CH160073-768x864.jpg 768w\" sizes=\"(max-width: 525px) 100vw, 525px\" \/> <img loading=\"lazy\" class=\"alignnone size-large wp-image-140\" src=\"https:\/\/www.fotos-tanvald.cz\/wp-content\/uploads\/2018\/08\/1_LLOYD_90D_CHEM_7035_PC020001-683x1024.jpg\" alt=\"\" width=\"525\" height=\"787\" srcset=\"https:\/\/www.fotos-tanvald.cz\/wp-content\/uploads\/2018\/08\/1_LLOYD_90D_CHEM_7035_PC020001-683x1024.jpg 683w, https:\/\/www.fotos-tanvald.cz\/wp-content\/uploads\/2018\/08\/1_LLOYD_90D_CHEM_7035_PC020001-200x300.jpg 200w, https:\/\/www.fotos-tanvald.cz\/wp-content\/uploads\/2018\/08\/1_LLOYD_90D_CHEM_7035_PC020001-768x1152.jpg 768w\" sizes=\"(max-width: 525px) 100vw, 525px\" \/> <img loading=\"lazy\" class=\"alignnone size-large wp-image-157\" src=\"https:\/\/www.fotos-tanvald.cz\/wp-content\/uploads\/2018\/08\/30-778x1024.jpg\" alt=\"\" width=\"525\" height=\"691\" srcset=\"https:\/\/www.fotos-tanvald.cz\/wp-content\/uploads\/2018\/08\/30-778x1024.jpg 778w, https:\/\/www.fotos-tanvald.cz\/wp-content\/uploads\/2018\/08\/30-228x300.jpg 228w, https:\/\/www.fotos-tanvald.cz\/wp-content\/uploads\/2018\/08\/30-768x1011.jpg 768w\" sizes=\"(max-width: 525px) 100vw, 525px\" \/> <img loading=\"lazy\" class=\"alignnone size-large wp-image-158\" src=\"https:\/\/www.fotos-tanvald.cz\/wp-content\/uploads\/2018\/08\/35-768x1024.jpg\" alt=\"\" width=\"525\" height=\"700\" srcset=\"https:\/\/www.fotos-tanvald.cz\/wp-content\/uploads\/2018\/08\/35-768x1024.jpg 768w, https:\/\/www.fotos-tanvald.cz\/wp-content\/uploads\/2018\/08\/35-225x300.jpg 225w, https:\/\/www.fotos-tanvald.cz\/wp-content\/uploads\/2018\/08\/35.jpg 1891w\" sizes=\"(max-width: 525px) 100vw, 525px\" \/><\/p>\n<h3><strong>Fotografov\u00e1no v na\u0161em ateli\u00e9ru.&nbsp;<\/strong><strong>Pol\u0161t\u00e1\u0159e a pe\u0159iny.<\/strong> Ateli\u00e9r byl pln\u00fd pe\u0159in a pol\u0161t\u00e1\u0159\u016f v mnoha proveden\u00edch, nad\u00fdchan\u00e9 pe\u0159iny zvaly ke span\u00ed a p\u0159esto se fotografovalo.&nbsp;<strong> &nbsp;&nbsp;<\/strong>&nbsp; &nbsp; &nbsp;&nbsp;<em>Fotografoval: Martin Jakoubek<\/em><\/h3>\n<p><img loading=\"lazy\" class=\"size-large wp-image-246\" src=\"https:\/\/www.fotos-tanvald.cz\/wp-content\/uploads\/2018\/09\/1_Demo-Pe\u0159ina-a-pol\u0161t\u00e1\u0159e-1024x768.jpg\" alt=\"\" width=\"525\" height=\"394\" srcset=\"https:\/\/www.fotos-tanvald.cz\/wp-content\/uploads\/2018\/09\/1_Demo-Pe\u0159ina-a-pol\u0161t\u00e1\u0159e-1024x768.jpg 1024w, https:\/\/www.fotos-tanvald.cz\/wp-content\/uploads\/2018\/09\/1_Demo-Pe\u0159ina-a-pol\u0161t\u00e1\u0159e-300x225.jpg 300w, https:\/\/www.fotos-tanvald.cz\/wp-content\/uploads\/2018\/09\/1_Demo-Pe\u0159ina-a-pol\u0161t\u00e1\u0159e-768x576.jpg 768w\" sizes=\"(max-width: 525px) 100vw, 525px\" \/><\/p>\n<p><img loading=\"lazy\" class=\"size-large wp-image-245\" src=\"https:\/\/www.fotos-tanvald.cz\/wp-content\/uploads\/2018\/09\/1_Demo-Pe\u0159ina-1024x768.jpg\" alt=\"\" width=\"525\" height=\"394\" srcset=\"https:\/\/www.fotos-tanvald.cz\/wp-content\/uploads\/2018\/09\/1_Demo-Pe\u0159ina-1024x768.jpg 1024w, https:\/\/www.fotos-tanvald.cz\/wp-content\/uploads\/2018\/09\/1_Demo-Pe\u0159ina-300x225.jpg 300w, https:\/\/www.fotos-tanvald.cz\/wp-content\/uploads\/2018\/09\/1_Demo-Pe\u0159ina-768x576.jpg 768w\" sizes=\"(max-width: 525px) 100vw, 525px\" \/><\/p>\n<h3><strong>Fotografov\u00e1no v na\u0161em ateli\u00e9ru.&nbsp;<\/strong><strong>Sklo.<\/strong> Sklen\u011bn\u00e9 v\u00fdrobky vy\u017eaduj\u00ed hodn\u011b pr\u00e1ce se sv\u011btlem a pr\u00e1ce je pln\u00e1 experiment\u016f.&nbsp;<strong> &nbsp;&nbsp;<\/strong>&nbsp; &nbsp; &nbsp;&nbsp;<em>Fotografoval: Martin Jakoubek<\/em><\/h3>\n<p><img loading=\"lazy\" class=\"size-large wp-image-248\" src=\"https:\/\/www.fotos-tanvald.cz\/wp-content\/uploads\/2018\/09\/Demo-Skleni\u010dky-768x1024.jpg\" alt=\"\" width=\"525\" height=\"700\" srcset=\"https:\/\/www.fotos-tanvald.cz\/wp-content\/uploads\/2018\/09\/Demo-Skleni\u010dky-768x1024.jpg 768w, https:\/\/www.fotos-tanvald.cz\/wp-content\/uploads\/2018\/09\/Demo-Skleni\u010dky-225x300.jpg 225w\" sizes=\"(max-width: 525px) 100vw, 525px\" \/><\/p>\n<p><img loading=\"lazy\" class=\"size-large wp-image-244\" src=\"https:\/\/www.fotos-tanvald.cz\/wp-content\/uploads\/2018\/09\/Demo-Skleni\u010dky1-768x1024.jpg\" alt=\"\" width=\"525\" height=\"700\" srcset=\"https:\/\/www.fotos-tanvald.cz\/wp-content\/uploads\/2018\/09\/Demo-Skleni\u010dky1-768x1024.jpg 768w, https:\/\/www.fotos-tanvald.cz\/wp-content\/uploads\/2018\/09\/Demo-Skleni\u010dky1-225x300.jpg 225w\" sizes=\"(max-width: 525px) 100vw, 525px\" \/><\/p>\n<h3><strong>Fotografov\u00e1no v na\u0161em ateli\u00e9ru.&nbsp;<\/strong><strong>\u0160perky.<\/strong>&nbsp; T\u0159pytiv\u00e9 kouzlo \u0161perk\u016f pln\u00e9 reli\u00e9f\u016f a barev.<strong>&nbsp;&nbsp;<\/strong>&nbsp; &nbsp; &nbsp;&nbsp;<em>Fotografoval: Martin Jakoubek<\/em><\/h3>\n<p><img loading=\"lazy\" class=\"size-large wp-image-247\" src=\"https:\/\/www.fotos-tanvald.cz\/wp-content\/uploads\/2018\/09\/1_Demo-Prsten-1024x768.jpg\" alt=\"\" width=\"525\" height=\"394\" srcset=\"https:\/\/www.fotos-tanvald.cz\/wp-content\/uploads\/2018\/09\/1_Demo-Prsten-1024x768.jpg 1024w, https:\/\/www.fotos-tanvald.cz\/wp-content\/uploads\/2018\/09\/1_Demo-Prsten-300x225.jpg 300w, https:\/\/www.fotos-tanvald.cz\/wp-content\/uploads\/2018\/09\/1_Demo-Prsten-768x576.jpg 768w\" sizes=\"(max-width: 525px) 100vw, 525px\" \/><\/p>\n","protected":false},"excerpt":{"rendered":"<p>Nab\u00edz\u00edme V\u00e1m fotografov\u00e1n\u00ed Va\u0161ich v\u00fdrobk\u016f v na\u0161em fotoateli\u00e9ru nebo je mo\u017en\u00e9 prov\u00e1d\u011bt pr\u00e1ce i u V\u00e1s. &nbsp;Produktov\u00e9 fotografie pro Va\u0161i p\u016fsobivou prezentaci na internetu.&nbsp; P\u016fsobiv\u00e9 fotografie v kr\u00e1sn\u00e9m sv\u011btle jsou z\u00e1kladem ka\u017ed\u00e9 prezentace.&nbsp; Fotografov\u00e1n\u00ed v prostorech u z\u00e1kazn\u00edka. Skl\u00e1\u0159sk\u00e1 v\u00fdroba &#8211; lustry.&nbsp;Firma vyr\u00e1b\u00ed pomoc\u00ed speci\u00e1ln\u00ed technologie kroucen\u00e9 sklen\u011bn\u00e9 ty\u010de a vyr\u00e1b\u00ed z nich jedine\u010dn\u00e9 k\u0159i\u0161\u0165\u00e1love &hellip; <\/p>\n<p class=\"link-more\"><a href=\"https:\/\/www.fotos-tanvald.cz\/index.php\/nabidka-sluzeb-profesionalniho-fotografa-pro-vyrobni-firmy\/\" class=\"more-link\">Pokra\u010dovat ve \u010dten\u00ed<span class=\"screen-reader-text\"> &#8222;Tvorba produktov\u00fdch fotografi\u00ed pro v\u00fdrobn\u00ed firmy.&#8220;<\/span><\/a><\/p>\n","protected":false},"author":1,"featured_media":0,"parent":0,"menu_order":0,"comment_status":"closed","ping_status":"closed","template":"","meta":{"ngg_post_thumbnail":0},"_links":{"self":[{"href":"https:\/\/www.fotos-tanvald.cz\/index.php\/wp-json\/wp\/v2\/pages\/163"}],"collection":[{"href":"https:\/\/www.fotos-tanvald.cz\/index.php\/wp-json\/wp\/v2\/pages"}],"about":[{"href":"https:\/\/www.fotos-tanvald.cz\/index.php\/wp-json\/wp\/v2\/types\/page"}],"author":[{"embeddable":true,"href":"https:\/\/www.fotos-tanvald.cz\/index.php\/wp-json\/wp\/v2\/users\/1"}],"replies":[{"embeddable":true,"href":"https:\/\/www.fotos-tanvald.cz\/index.php\/wp-json\/wp\/v2\/comments?post=163"}],"version-history":[{"count":11,"href":"https:\/\/www.fotos-tanvald.cz\/index.php\/wp-json\/wp\/v2\/pages\/163\/revisions"}],"predecessor-version":[{"id":1586,"href":"https:\/\/www.fotos-tanvald.cz\/index.php\/wp-json\/wp\/v2\/pages\/163\/revisions\/1586"}],"wp:attachment":[{"href":"https:\/\/www.fotos-tanvald.cz\/index.php\/wp-json\/wp\/v2\/media?parent=163"}],"curies":[{"name":"wp","href":"https:\/\/api.w.org\/{rel}","templated":true}]}}