{"id":351,"date":"2019-03-15T14:39:09","date_gmt":"2019-03-15T14:39:09","guid":{"rendered":"http:\/\/www.fotos-tanvald.cz\/?page_id=351"},"modified":"2022-08-22T03:15:53","modified_gmt":"2022-08-22T03:15:53","slug":"prukazove-fotografie-na-pockani","status":"publish","type":"page","link":"https:\/\/www.fotos-tanvald.cz\/index.php\/prukazove-fotografie-na-pockani\/","title":{"rendered":"Pr\u016fkazov\u00e9 fotografie v ateli\u00e9ru na po\u010dk\u00e1n\u00ed"},"content":{"rendered":"\n<h1>Fotografujeme v na\u0161em ateli\u00e9ru a zhotovujeme fotografie pro pou\u017eit\u00ed na identifika\u010dn\u00ed pr\u016fkazy, zbrojn\u00ed pr\u016fkazy, \u0159idi\u010dsk\u00e9 profesn\u00ed karty, mezin\u00e1rodn\u00ed \u0159idi\u010dsk\u00e9 pr\u016fkazy, studentsk\u00e9 pr\u016fkazy, cestovatelsk\u00e1 v\u00edza, isic karty, ztp nebo fotografie pro Va\u0161e bl\u00edzk\u00e9 do pen\u011b\u017eenky. <\/h1>\n\n\n\n<div class=\"wp-container-2 wp-block-columns\">\n<div class=\"wp-container-1 wp-block-column\">\n<p class=\"has-text-align-center has-small-font-size\">Adresa: Prodejna a slu\u017eby FOTOS \u2013 Martin Jakoubek, Krkono\u0161sk\u00e1 181, 468 41 &nbsp;Tanvald. Telefon: 483 396 505. Mobil: 728 845 125.  E-mail: fotos.tanvald@volny.cz<\/p>\n\n\n\n<p class=\"has-text-align-center has-small-font-size\">I\u010c: 151 43 821, DI\u010c: CZ 7010042523 \u2013 Firma je pl\u00e1tcem DPH, Firma je registrov\u00e1na od roku 1993 u \u017eivnostensk\u00e9ho \u00fa\u0159adu &nbsp;Tanvald.<\/p>\n<\/div>\n<\/div>\n\n\n\n<p><\/p>\n","protected":false},"excerpt":{"rendered":"<p>Fotografujeme v na\u0161em ateli\u00e9ru a zhotovujeme fotografie pro pou\u017eit\u00ed na identifika\u010dn\u00ed pr\u016fkazy, zbrojn\u00ed pr\u016fkazy, \u0159idi\u010dsk\u00e9 profesn\u00ed karty, mezin\u00e1rodn\u00ed \u0159idi\u010dsk\u00e9 pr\u016fkazy, studentsk\u00e9 pr\u016fkazy, cestovatelsk\u00e1 v\u00edza, isic karty, ztp nebo fotografie pro Va\u0161e bl\u00edzk\u00e9 do pen\u011b\u017eenky. Adresa: Prodejna a slu\u017eby FOTOS \u2013 Martin Jakoubek, Krkono\u0161sk\u00e1 181, 468 41 &nbsp;Tanvald. Telefon: 483 396 505. Mobil: 728 845 125. &hellip; <\/p>\n<p class=\"link-more\"><a href=\"https:\/\/www.fotos-tanvald.cz\/index.php\/prukazove-fotografie-na-pockani\/\" class=\"more-link\">Pokra\u010dovat ve \u010dten\u00ed<span class=\"screen-reader-text\"> &#8222;Pr\u016fkazov\u00e9 fotografie v ateli\u00e9ru na po\u010dk\u00e1n\u00ed&#8220;<\/span><\/a><\/p>\n","protected":false},"author":1,"featured_media":352,"parent":0,"menu_order":0,"comment_status":"closed","ping_status":"closed","template":"","meta":{"ngg_post_thumbnail":0},"_links":{"self":[{"href":"https:\/\/www.fotos-tanvald.cz\/index.php\/wp-json\/wp\/v2\/pages\/351"}],"collection":[{"href":"https:\/\/www.fotos-tanvald.cz\/index.php\/wp-json\/wp\/v2\/pages"}],"about":[{"href":"https:\/\/www.fotos-tanvald.cz\/index.php\/wp-json\/wp\/v2\/types\/page"}],"author":[{"embeddable":true,"href":"https:\/\/www.fotos-tanvald.cz\/index.php\/wp-json\/wp\/v2\/users\/1"}],"replies":[{"embeddable":true,"href":"https:\/\/www.fotos-tanvald.cz\/index.php\/wp-json\/wp\/v2\/comments?post=351"}],"version-history":[{"count":7,"href":"https:\/\/www.fotos-tanvald.cz\/index.php\/wp-json\/wp\/v2\/pages\/351\/revisions"}],"predecessor-version":[{"id":1584,"href":"https:\/\/www.fotos-tanvald.cz\/index.php\/wp-json\/wp\/v2\/pages\/351\/revisions\/1584"}],"wp:featuredmedia":[{"embeddable":true,"href":"https:\/\/www.fotos-tanvald.cz\/index.php\/wp-json\/wp\/v2\/media\/352"}],"wp:attachment":[{"href":"https:\/\/www.fotos-tanvald.cz\/index.php\/wp-json\/wp\/v2\/media?parent=351"}],"curies":[{"name":"wp","href":"https:\/\/api.w.org\/{rel}","templated":true}]}}