{"id":857,"date":"2019-09-24T19:44:31","date_gmt":"2019-09-24T19:44:31","guid":{"rendered":"http:\/\/www.fotos-tanvald.cz\/?page_id=857"},"modified":"2019-09-25T07:35:26","modified_gmt":"2019-09-25T07:35:26","slug":"rodaci-z-udoli-kamenice","status":"publish","type":"page","link":"https:\/\/www.fotos-tanvald.cz\/index.php\/rodaci-z-udoli-kamenice\/","title":{"rendered":"Rod\u00e1ci z \u00dadol\u00ed Kamenice, b\u00fdval\u00e9ho Horn\u00edho Tanvaldu a Doln\u00ed Smr\u017eovky"},"content":{"rendered":"\n<p><strong>2019_ 21. z\u00e1\u0159\u00ed _  Fotogalerie ze srazu rod\u00e1k\u016f z \u00dadol\u00ed Kamenice, b\u00fdval\u00e9ho Horn\u00edho Tanvald a Doln\u00ed Smr\u017eovky.<\/strong><\/p>\n\n\n\n<p>  <em>N\u00e1v\u0161t\u011bva ve zrekonstruovan\u00e9 Z\u0160 Horn\u00ed Tanvald s p\u0159iv\u00edt\u00e1n\u00edm a programem od kolektivu u\u010ditel\u016f veden\u00fdch panem \u0159editelem Mgr. Janem Kulh\u00e1nkem.  Skupinov\u00e1 fotografie b\u00fdv. \u017e\u00e1k\u016f Z\u0160 Horn\u00ed Tanvald.  N\u00e1sledovalo setk\u00e1n\u00ed v restauraci &#8222;U DUBU&#8220; s pozdravem pana starosty Mgr. Vladim\u00edra Vyhn\u00e1lka a n\u00e1sledn\u00fdm programem.   Sraz organizuj\u00ed p\u00e1nov\u00e9 Rudolf Pap\u00edrn\u00edk a Ivan Vulter\u00fdn<\/em><\/p>\n\n\n\n<p>Info: <strong>Kliknut\u00edm <\/strong>si  obr\u00e1zek zv\u011bt\u0161\u00edte<\/p>\n\n\n\n<ul class=\"wp-container-2 wp-block-gallery-1 wp-block-gallery columns-1\"><li class=\"blocks-gallery-item\"><figure><a href=\"https:\/\/www.fotos-tanvald.cz\/wp-content\/uploads\/2019\/09\/\u0160koln\u00ed-sraz-rod\u00e1ku-z-\u00fadol\u00ed-kamenice_pan_CH218736-1-1024x726.jpg\"><img loading=\"lazy\" width=\"1024\" height=\"726\" src=\"https:\/\/www.fotos-tanvald.cz\/wp-content\/uploads\/2019\/09\/\u0160koln\u00ed-sraz-rod\u00e1ku-z-\u00fadol\u00ed-kamenice_pan_CH218736-1-1024x726.jpg\" alt=\"\" data-id=\"889\" data-link=\"https:\/\/www.fotos-tanvald.cz\/?attachment_id=889\" class=\"wp-image-889\" srcset=\"https:\/\/www.fotos-tanvald.cz\/wp-content\/uploads\/2019\/09\/\u0160koln\u00ed-sraz-rod\u00e1ku-z-\u00fadol\u00ed-kamenice_pan_CH218736-1-1024x726.jpg 1024w, https:\/\/www.fotos-tanvald.cz\/wp-content\/uploads\/2019\/09\/\u0160koln\u00ed-sraz-rod\u00e1ku-z-\u00fadol\u00ed-kamenice_pan_CH218736-1-150x106.jpg 150w, https:\/\/www.fotos-tanvald.cz\/wp-content\/uploads\/2019\/09\/\u0160koln\u00ed-sraz-rod\u00e1ku-z-\u00fadol\u00ed-kamenice_pan_CH218736-1-300x213.jpg 300w, https:\/\/www.fotos-tanvald.cz\/wp-content\/uploads\/2019\/09\/\u0160koln\u00ed-sraz-rod\u00e1ku-z-\u00fadol\u00ed-kamenice_pan_CH218736-1-768x544.jpg 768w, https:\/\/www.fotos-tanvald.cz\/wp-content\/uploads\/2019\/09\/\u0160koln\u00ed-sraz-rod\u00e1ku-z-\u00fadol\u00ed-kamenice_pan_CH218736-1.jpg 1510w\" sizes=\"(max-width: 767px) 89vw, (max-width: 1000px) 54vw, (max-width: 1071px) 543px, 580px\" \/><\/a><figcaption>Sraz rod\u00e1k\u016f z \u00dadol\u00ed Kamenice_N\u00e1v\u0161t\u011bva Z\u0160 Horn\u00ed Tanvald_2019_foto: M. Jakoubek<\/figcaption><\/figure><\/li><li class=\"blocks-gallery-item\"><figure><a href=\"https:\/\/www.fotos-tanvald.cz\/wp-content\/uploads\/2019\/09\/1-\u0160koln\u00ed-sraz-rod\u00e1k\u016f-z-\u00fadol\u00ed-kamenice-2019-_CH218736-1-1024x784.jpg\"><img loading=\"lazy\" width=\"1024\" height=\"784\" src=\"https:\/\/www.fotos-tanvald.cz\/wp-content\/uploads\/2019\/09\/1-\u0160koln\u00ed-sraz-rod\u00e1k\u016f-z-\u00fadol\u00ed-kamenice-2019-_CH218736-1-1024x784.jpg\" alt=\"\" data-id=\"884\" data-link=\"https:\/\/www.fotos-tanvald.cz\/?attachment_id=884\" class=\"wp-image-884\" srcset=\"https:\/\/www.fotos-tanvald.cz\/wp-content\/uploads\/2019\/09\/1-\u0160koln\u00ed-sraz-rod\u00e1k\u016f-z-\u00fadol\u00ed-kamenice-2019-_CH218736-1-1024x784.jpg 1024w, https:\/\/www.fotos-tanvald.cz\/wp-content\/uploads\/2019\/09\/1-\u0160koln\u00ed-sraz-rod\u00e1k\u016f-z-\u00fadol\u00ed-kamenice-2019-_CH218736-1-150x115.jpg 150w, https:\/\/www.fotos-tanvald.cz\/wp-content\/uploads\/2019\/09\/1-\u0160koln\u00ed-sraz-rod\u00e1k\u016f-z-\u00fadol\u00ed-kamenice-2019-_CH218736-1-300x230.jpg 300w, https:\/\/www.fotos-tanvald.cz\/wp-content\/uploads\/2019\/09\/1-\u0160koln\u00ed-sraz-rod\u00e1k\u016f-z-\u00fadol\u00ed-kamenice-2019-_CH218736-1-768x588.jpg 768w, https:\/\/www.fotos-tanvald.cz\/wp-content\/uploads\/2019\/09\/1-\u0160koln\u00ed-sraz-rod\u00e1k\u016f-z-\u00fadol\u00ed-kamenice-2019-_CH218736-1.jpg 1638w\" sizes=\"(max-width: 767px) 89vw, (max-width: 1000px) 54vw, (max-width: 1071px) 543px, 580px\" \/><\/a><figcaption> <br><em>Sraz rod\u00e1k\u016f z \u00dadol\u00ed Kamenice_N\u00e1v\u0161t\u011bva Z\u0160 Horn\u00ed Tanvald_2019_foto: M. Jakoubek<\/em> <\/figcaption><\/figure><\/li><li class=\"blocks-gallery-item\"><figure><a href=\"https:\/\/www.fotos-tanvald.cz\/wp-content\/uploads\/2019\/09\/1-CH218712-1-1024x683.jpg\"><img loading=\"lazy\" width=\"1024\" height=\"683\" src=\"https:\/\/www.fotos-tanvald.cz\/wp-content\/uploads\/2019\/09\/1-CH218712-1-1024x683.jpg\" alt=\"\" data-id=\"873\" data-link=\"https:\/\/www.fotos-tanvald.cz\/?attachment_id=873\" class=\"wp-image-873\" srcset=\"https:\/\/www.fotos-tanvald.cz\/wp-content\/uploads\/2019\/09\/1-CH218712-1-1024x683.jpg 1024w, https:\/\/www.fotos-tanvald.cz\/wp-content\/uploads\/2019\/09\/1-CH218712-1-150x100.jpg 150w, https:\/\/www.fotos-tanvald.cz\/wp-content\/uploads\/2019\/09\/1-CH218712-1-300x200.jpg 300w, https:\/\/www.fotos-tanvald.cz\/wp-content\/uploads\/2019\/09\/1-CH218712-1-768x512.jpg 768w, https:\/\/www.fotos-tanvald.cz\/wp-content\/uploads\/2019\/09\/1-CH218712-1.jpg 1815w\" sizes=\"(max-width: 767px) 89vw, (max-width: 1000px) 54vw, (max-width: 1071px) 543px, 580px\" \/><\/a><figcaption> <br><em>Sraz rod\u00e1k\u016f z \u00dadol\u00ed Kamenice_N\u00e1v\u0161t\u011bva Z\u0160 Horn\u00ed Tanvald_2019_foto: M. Jakoubek<\/em> <\/figcaption><\/figure><\/li><li class=\"blocks-gallery-item\"><figure><a href=\"https:\/\/www.fotos-tanvald.cz\/wp-content\/uploads\/2019\/09\/1-CH218713-1-1024x683.jpg\"><img loading=\"lazy\" width=\"1024\" height=\"683\" src=\"https:\/\/www.fotos-tanvald.cz\/wp-content\/uploads\/2019\/09\/1-CH218713-1-1024x683.jpg\" alt=\"\" data-id=\"874\" data-link=\"https:\/\/www.fotos-tanvald.cz\/?attachment_id=874\" class=\"wp-image-874\" srcset=\"https:\/\/www.fotos-tanvald.cz\/wp-content\/uploads\/2019\/09\/1-CH218713-1-1024x683.jpg 1024w, https:\/\/www.fotos-tanvald.cz\/wp-content\/uploads\/2019\/09\/1-CH218713-1-150x100.jpg 150w, https:\/\/www.fotos-tanvald.cz\/wp-content\/uploads\/2019\/09\/1-CH218713-1-300x200.jpg 300w, https:\/\/www.fotos-tanvald.cz\/wp-content\/uploads\/2019\/09\/1-CH218713-1-768x512.jpg 768w, https:\/\/www.fotos-tanvald.cz\/wp-content\/uploads\/2019\/09\/1-CH218713-1.jpg 1800w\" sizes=\"(max-width: 767px) 89vw, (max-width: 1000px) 54vw, (max-width: 1071px) 543px, 580px\" \/><\/a><figcaption> <br><em>Sraz rod\u00e1k\u016f z \u00dadol\u00ed Kamenice_N\u00e1v\u0161t\u011bva Z\u0160 Horn\u00ed Tanvald_2019_foto: M. Jakoubek<\/em> <\/figcaption><\/figure><\/li><li class=\"blocks-gallery-item\"><figure><a href=\"https:\/\/www.fotos-tanvald.cz\/wp-content\/uploads\/2019\/09\/1-CH218715-1-1024x683.jpg\"><img loading=\"lazy\" width=\"1024\" height=\"683\" src=\"https:\/\/www.fotos-tanvald.cz\/wp-content\/uploads\/2019\/09\/1-CH218715-1-1024x683.jpg\" alt=\"\" data-id=\"875\" data-link=\"https:\/\/www.fotos-tanvald.cz\/?attachment_id=875\" class=\"wp-image-875\" srcset=\"https:\/\/www.fotos-tanvald.cz\/wp-content\/uploads\/2019\/09\/1-CH218715-1-1024x683.jpg 1024w, https:\/\/www.fotos-tanvald.cz\/wp-content\/uploads\/2019\/09\/1-CH218715-1-150x100.jpg 150w, https:\/\/www.fotos-tanvald.cz\/wp-content\/uploads\/2019\/09\/1-CH218715-1-300x200.jpg 300w, https:\/\/www.fotos-tanvald.cz\/wp-content\/uploads\/2019\/09\/1-CH218715-1-768x512.jpg 768w, https:\/\/www.fotos-tanvald.cz\/wp-content\/uploads\/2019\/09\/1-CH218715-1.jpg 1684w\" sizes=\"(max-width: 767px) 89vw, (max-width: 1000px) 54vw, (max-width: 1071px) 543px, 580px\" \/><\/a><figcaption> <br><em>Sraz rod\u00e1k\u016f z \u00dadol\u00ed Kamenice_N\u00e1v\u0161t\u011bva Z\u0160 Horn\u00ed Tanvald_2019_foto: M. Jakoubek<\/em> <\/figcaption><\/figure><\/li><li class=\"blocks-gallery-item\"><figure><a href=\"https:\/\/www.fotos-tanvald.cz\/wp-content\/uploads\/2019\/09\/1-CH218716-1-1024x683.jpg\"><img loading=\"lazy\" width=\"1024\" height=\"683\" src=\"https:\/\/www.fotos-tanvald.cz\/wp-content\/uploads\/2019\/09\/1-CH218716-1-1024x683.jpg\" alt=\"\" data-id=\"876\" data-link=\"https:\/\/www.fotos-tanvald.cz\/?attachment_id=876\" class=\"wp-image-876\" srcset=\"https:\/\/www.fotos-tanvald.cz\/wp-content\/uploads\/2019\/09\/1-CH218716-1-1024x683.jpg 1024w, https:\/\/www.fotos-tanvald.cz\/wp-content\/uploads\/2019\/09\/1-CH218716-1-150x100.jpg 150w, https:\/\/www.fotos-tanvald.cz\/wp-content\/uploads\/2019\/09\/1-CH218716-1-300x200.jpg 300w, https:\/\/www.fotos-tanvald.cz\/wp-content\/uploads\/2019\/09\/1-CH218716-1-768x512.jpg 768w, https:\/\/www.fotos-tanvald.cz\/wp-content\/uploads\/2019\/09\/1-CH218716-1.jpg 1704w\" sizes=\"(max-width: 767px) 89vw, (max-width: 1000px) 54vw, (max-width: 1071px) 543px, 580px\" \/><\/a><figcaption> <br><em>Sraz rod\u00e1k\u016f z \u00dadol\u00ed Kamenice_N\u00e1v\u0161t\u011bva Z\u0160 Horn\u00ed Tanvald_2019_foto: M. Jakoubek<\/em> <\/figcaption><\/figure><\/li><li class=\"blocks-gallery-item\"><figure><a href=\"https:\/\/www.fotos-tanvald.cz\/wp-content\/uploads\/2019\/09\/1-CH218721-1-1024x683.jpg\"><img loading=\"lazy\" width=\"1024\" height=\"683\" src=\"https:\/\/www.fotos-tanvald.cz\/wp-content\/uploads\/2019\/09\/1-CH218721-1-1024x683.jpg\" alt=\"\" data-id=\"877\" data-link=\"https:\/\/www.fotos-tanvald.cz\/?attachment_id=877\" class=\"wp-image-877\" srcset=\"https:\/\/www.fotos-tanvald.cz\/wp-content\/uploads\/2019\/09\/1-CH218721-1-1024x683.jpg 1024w, https:\/\/www.fotos-tanvald.cz\/wp-content\/uploads\/2019\/09\/1-CH218721-1-150x100.jpg 150w, https:\/\/www.fotos-tanvald.cz\/wp-content\/uploads\/2019\/09\/1-CH218721-1-300x200.jpg 300w, https:\/\/www.fotos-tanvald.cz\/wp-content\/uploads\/2019\/09\/1-CH218721-1-768x512.jpg 768w, https:\/\/www.fotos-tanvald.cz\/wp-content\/uploads\/2019\/09\/1-CH218721-1.jpg 1585w\" sizes=\"(max-width: 767px) 89vw, (max-width: 1000px) 54vw, (max-width: 1071px) 543px, 580px\" \/><\/a><figcaption> <br><em>Sraz rod\u00e1k\u016f z \u00dadol\u00ed Kamenice_N\u00e1v\u0161t\u011bva Z\u0160 Horn\u00ed Tanvald_2019_foto: M. Jakoubek<\/em> <\/figcaption><\/figure><\/li><li class=\"blocks-gallery-item\"><figure><a href=\"https:\/\/www.fotos-tanvald.cz\/wp-content\/uploads\/2019\/09\/1-CH218723-1024x683.jpg\"><img loading=\"lazy\" width=\"1024\" height=\"683\" src=\"https:\/\/www.fotos-tanvald.cz\/wp-content\/uploads\/2019\/09\/1-CH218723-1024x683.jpg\" alt=\"\" data-id=\"878\" data-link=\"https:\/\/www.fotos-tanvald.cz\/?attachment_id=878\" class=\"wp-image-878\" srcset=\"https:\/\/www.fotos-tanvald.cz\/wp-content\/uploads\/2019\/09\/1-CH218723-1024x683.jpg 1024w, https:\/\/www.fotos-tanvald.cz\/wp-content\/uploads\/2019\/09\/1-CH218723-150x100.jpg 150w, https:\/\/www.fotos-tanvald.cz\/wp-content\/uploads\/2019\/09\/1-CH218723-300x200.jpg 300w, https:\/\/www.fotos-tanvald.cz\/wp-content\/uploads\/2019\/09\/1-CH218723-768x512.jpg 768w, https:\/\/www.fotos-tanvald.cz\/wp-content\/uploads\/2019\/09\/1-CH218723.jpg 1681w\" sizes=\"(max-width: 767px) 89vw, (max-width: 1000px) 54vw, (max-width: 1071px) 543px, 580px\" \/><\/a><figcaption> <br><em>Sraz rod\u00e1k\u016f z \u00dadol\u00ed Kamenice_N\u00e1v\u0161t\u011bva Z\u0160 Horn\u00ed Tanvald_2019_foto: M. Jakoubek<\/em> <\/figcaption><\/figure><\/li><li class=\"blocks-gallery-item\"><figure><a href=\"https:\/\/www.fotos-tanvald.cz\/wp-content\/uploads\/2019\/09\/1-CH218724-1024x682.jpg\"><img loading=\"lazy\" width=\"1024\" height=\"682\" src=\"https:\/\/www.fotos-tanvald.cz\/wp-content\/uploads\/2019\/09\/1-CH218724-1024x682.jpg\" alt=\"\" data-id=\"879\" data-link=\"https:\/\/www.fotos-tanvald.cz\/?attachment_id=879\" class=\"wp-image-879\" srcset=\"https:\/\/www.fotos-tanvald.cz\/wp-content\/uploads\/2019\/09\/1-CH218724-1024x682.jpg 1024w, https:\/\/www.fotos-tanvald.cz\/wp-content\/uploads\/2019\/09\/1-CH218724-150x100.jpg 150w, https:\/\/www.fotos-tanvald.cz\/wp-content\/uploads\/2019\/09\/1-CH218724-300x200.jpg 300w, https:\/\/www.fotos-tanvald.cz\/wp-content\/uploads\/2019\/09\/1-CH218724-768x512.jpg 768w, https:\/\/www.fotos-tanvald.cz\/wp-content\/uploads\/2019\/09\/1-CH218724.jpg 1664w\" sizes=\"(max-width: 767px) 89vw, (max-width: 1000px) 54vw, (max-width: 1071px) 543px, 580px\" \/><\/a><figcaption> <br><em>Sraz rod\u00e1k\u016f z \u00dadol\u00ed Kamenice_N\u00e1v\u0161t\u011bva Z\u0160 Horn\u00ed Tanvald_2019_foto: M. Jakoubek<\/em> <\/figcaption><\/figure><\/li><li class=\"blocks-gallery-item\"><figure><a href=\"https:\/\/www.fotos-tanvald.cz\/wp-content\/uploads\/2019\/09\/1-CH218725-1-1024x683.jpg\"><img loading=\"lazy\" width=\"1024\" height=\"683\" src=\"https:\/\/www.fotos-tanvald.cz\/wp-content\/uploads\/2019\/09\/1-CH218725-1-1024x683.jpg\" alt=\"\" data-id=\"880\" data-link=\"https:\/\/www.fotos-tanvald.cz\/?attachment_id=880\" class=\"wp-image-880\" srcset=\"https:\/\/www.fotos-tanvald.cz\/wp-content\/uploads\/2019\/09\/1-CH218725-1-1024x683.jpg 1024w, https:\/\/www.fotos-tanvald.cz\/wp-content\/uploads\/2019\/09\/1-CH218725-1-150x100.jpg 150w, https:\/\/www.fotos-tanvald.cz\/wp-content\/uploads\/2019\/09\/1-CH218725-1-300x200.jpg 300w, https:\/\/www.fotos-tanvald.cz\/wp-content\/uploads\/2019\/09\/1-CH218725-1-768x512.jpg 768w, https:\/\/www.fotos-tanvald.cz\/wp-content\/uploads\/2019\/09\/1-CH218725-1.jpg 1748w\" sizes=\"(max-width: 767px) 89vw, (max-width: 1000px) 54vw, (max-width: 1071px) 543px, 580px\" \/><\/a><figcaption> <br><em>Sraz rod\u00e1k\u016f z \u00dadol\u00ed Kamenice_N\u00e1v\u0161t\u011bva Z\u0160 Horn\u00ed Tanvald_2019_foto: M. Jakoubek<\/em> <\/figcaption><\/figure><\/li><li class=\"blocks-gallery-item\"><figure><a href=\"https:\/\/www.fotos-tanvald.cz\/wp-content\/uploads\/2019\/09\/1-CH218727-1-1024x683.jpg\"><img loading=\"lazy\" width=\"1024\" height=\"683\" src=\"https:\/\/www.fotos-tanvald.cz\/wp-content\/uploads\/2019\/09\/1-CH218727-1-1024x683.jpg\" alt=\"\" data-id=\"881\" data-link=\"https:\/\/www.fotos-tanvald.cz\/?attachment_id=881\" class=\"wp-image-881\" srcset=\"https:\/\/www.fotos-tanvald.cz\/wp-content\/uploads\/2019\/09\/1-CH218727-1-1024x683.jpg 1024w, https:\/\/www.fotos-tanvald.cz\/wp-content\/uploads\/2019\/09\/1-CH218727-1-150x100.jpg 150w, https:\/\/www.fotos-tanvald.cz\/wp-content\/uploads\/2019\/09\/1-CH218727-1-300x200.jpg 300w, https:\/\/www.fotos-tanvald.cz\/wp-content\/uploads\/2019\/09\/1-CH218727-1-768x512.jpg 768w, https:\/\/www.fotos-tanvald.cz\/wp-content\/uploads\/2019\/09\/1-CH218727-1.jpg 1474w\" sizes=\"(max-width: 767px) 89vw, (max-width: 1000px) 54vw, (max-width: 1071px) 543px, 580px\" \/><\/a><figcaption> <br><em>Sraz rod\u00e1k\u016f z \u00dadol\u00ed Kamenice_N\u00e1v\u0161t\u011bva Z\u0160 Horn\u00ed Tanvald_2019_foto: M. Jakoubek<\/em> <\/figcaption><\/figure><\/li><li class=\"blocks-gallery-item\"><figure><a href=\"https:\/\/www.fotos-tanvald.cz\/wp-content\/uploads\/2019\/09\/1-CH218728-1-1024x682.jpg\"><img loading=\"lazy\" width=\"1024\" height=\"682\" src=\"https:\/\/www.fotos-tanvald.cz\/wp-content\/uploads\/2019\/09\/1-CH218728-1-1024x682.jpg\" alt=\"\" data-id=\"882\" data-link=\"https:\/\/www.fotos-tanvald.cz\/?attachment_id=882\" class=\"wp-image-882\" srcset=\"https:\/\/www.fotos-tanvald.cz\/wp-content\/uploads\/2019\/09\/1-CH218728-1-1024x682.jpg 1024w, https:\/\/www.fotos-tanvald.cz\/wp-content\/uploads\/2019\/09\/1-CH218728-1-150x100.jpg 150w, https:\/\/www.fotos-tanvald.cz\/wp-content\/uploads\/2019\/09\/1-CH218728-1-300x200.jpg 300w, https:\/\/www.fotos-tanvald.cz\/wp-content\/uploads\/2019\/09\/1-CH218728-1-768x512.jpg 768w, https:\/\/www.fotos-tanvald.cz\/wp-content\/uploads\/2019\/09\/1-CH218728-1.jpg 1748w\" sizes=\"(max-width: 767px) 89vw, (max-width: 1000px) 54vw, (max-width: 1071px) 543px, 580px\" \/><\/a><figcaption> <br><em>Sraz rod\u00e1k\u016f z \u00dadol\u00ed Kamenice_N\u00e1v\u0161t\u011bva Z\u0160 Horn\u00ed Tanvald_2019_foto: M. Jakoubek<\/em> <\/figcaption><\/figure><\/li><li class=\"blocks-gallery-item\"><figure><a href=\"https:\/\/www.fotos-tanvald.cz\/wp-content\/uploads\/2019\/09\/1-CH218729-1-1024x683.jpg\"><img loading=\"lazy\" width=\"1024\" height=\"683\" src=\"https:\/\/www.fotos-tanvald.cz\/wp-content\/uploads\/2019\/09\/1-CH218729-1-1024x683.jpg\" alt=\"\" data-id=\"883\" data-link=\"https:\/\/www.fotos-tanvald.cz\/?attachment_id=883\" class=\"wp-image-883\" srcset=\"https:\/\/www.fotos-tanvald.cz\/wp-content\/uploads\/2019\/09\/1-CH218729-1-1024x683.jpg 1024w, https:\/\/www.fotos-tanvald.cz\/wp-content\/uploads\/2019\/09\/1-CH218729-1-150x100.jpg 150w, https:\/\/www.fotos-tanvald.cz\/wp-content\/uploads\/2019\/09\/1-CH218729-1-300x200.jpg 300w, https:\/\/www.fotos-tanvald.cz\/wp-content\/uploads\/2019\/09\/1-CH218729-1-768x512.jpg 768w, https:\/\/www.fotos-tanvald.cz\/wp-content\/uploads\/2019\/09\/1-CH218729-1.jpg 1811w\" sizes=\"(max-width: 767px) 89vw, (max-width: 1000px) 54vw, (max-width: 1071px) 543px, 580px\" \/><\/a><figcaption> <br><em>Sraz rod\u00e1k\u016f z \u00dadol\u00ed Kamenice_N\u00e1v\u0161t\u011bva Z\u0160 Horn\u00ed Tanvald_2019_foto: M. Jakoubek<\/em> <\/figcaption><\/figure><\/li><li class=\"blocks-gallery-item\"><figure><a href=\"https:\/\/www.fotos-tanvald.cz\/wp-content\/uploads\/2019\/09\/CH218714-1-1024x683.jpg\"><img loading=\"lazy\" width=\"1024\" height=\"683\" src=\"https:\/\/www.fotos-tanvald.cz\/wp-content\/uploads\/2019\/09\/CH218714-1-1024x683.jpg\" alt=\"\" data-id=\"885\" data-link=\"https:\/\/www.fotos-tanvald.cz\/?attachment_id=885\" class=\"wp-image-885\" srcset=\"https:\/\/www.fotos-tanvald.cz\/wp-content\/uploads\/2019\/09\/CH218714-1-1024x683.jpg 1024w, https:\/\/www.fotos-tanvald.cz\/wp-content\/uploads\/2019\/09\/CH218714-1-150x100.jpg 150w, https:\/\/www.fotos-tanvald.cz\/wp-content\/uploads\/2019\/09\/CH218714-1-300x200.jpg 300w, https:\/\/www.fotos-tanvald.cz\/wp-content\/uploads\/2019\/09\/CH218714-1-768x512.jpg 768w, https:\/\/www.fotos-tanvald.cz\/wp-content\/uploads\/2019\/09\/CH218714-1.jpg 1819w\" sizes=\"(max-width: 767px) 89vw, (max-width: 1000px) 54vw, (max-width: 1071px) 543px, 580px\" \/><\/a><figcaption> <br><em>Sraz rod\u00e1k\u016f z \u00dadol\u00ed Kamenice_N\u00e1v\u0161t\u011bva Z\u0160 Horn\u00ed Tanvald_2019_foto: M. Jakoubek<\/em> <\/figcaption><\/figure><\/li><li class=\"blocks-gallery-item\"><figure><a href=\"https:\/\/www.fotos-tanvald.cz\/wp-content\/uploads\/2019\/09\/CH218717-1-1024x683.jpg\"><img loading=\"lazy\" width=\"1024\" height=\"683\" src=\"https:\/\/www.fotos-tanvald.cz\/wp-content\/uploads\/2019\/09\/CH218717-1-1024x683.jpg\" alt=\"\" data-id=\"886\" data-link=\"https:\/\/www.fotos-tanvald.cz\/?attachment_id=886\" class=\"wp-image-886\" srcset=\"https:\/\/www.fotos-tanvald.cz\/wp-content\/uploads\/2019\/09\/CH218717-1-1024x683.jpg 1024w, https:\/\/www.fotos-tanvald.cz\/wp-content\/uploads\/2019\/09\/CH218717-1-150x100.jpg 150w, https:\/\/www.fotos-tanvald.cz\/wp-content\/uploads\/2019\/09\/CH218717-1-300x200.jpg 300w, https:\/\/www.fotos-tanvald.cz\/wp-content\/uploads\/2019\/09\/CH218717-1-768x512.jpg 768w, https:\/\/www.fotos-tanvald.cz\/wp-content\/uploads\/2019\/09\/CH218717-1.jpg 1727w\" sizes=\"(max-width: 767px) 89vw, (max-width: 1000px) 54vw, (max-width: 1071px) 543px, 580px\" \/><\/a><figcaption> <br><em>Sraz rod\u00e1k\u016f z \u00dadol\u00ed Kamenice_N\u00e1v\u0161t\u011bva Z\u0160 Horn\u00ed Tanvald_2019_foto: M. Jakoubek<\/em> <\/figcaption><\/figure><\/li><li class=\"blocks-gallery-item\"><figure><a href=\"https:\/\/www.fotos-tanvald.cz\/wp-content\/uploads\/2019\/09\/CH218718-1-1024x683.jpg\"><img loading=\"lazy\" width=\"1024\" height=\"683\" src=\"https:\/\/www.fotos-tanvald.cz\/wp-content\/uploads\/2019\/09\/CH218718-1-1024x683.jpg\" alt=\"\" data-id=\"887\" data-link=\"https:\/\/www.fotos-tanvald.cz\/?attachment_id=887\" class=\"wp-image-887\" srcset=\"https:\/\/www.fotos-tanvald.cz\/wp-content\/uploads\/2019\/09\/CH218718-1-1024x683.jpg 1024w, https:\/\/www.fotos-tanvald.cz\/wp-content\/uploads\/2019\/09\/CH218718-1-150x100.jpg 150w, https:\/\/www.fotos-tanvald.cz\/wp-content\/uploads\/2019\/09\/CH218718-1-300x200.jpg 300w, https:\/\/www.fotos-tanvald.cz\/wp-content\/uploads\/2019\/09\/CH218718-1-768x512.jpg 768w, https:\/\/www.fotos-tanvald.cz\/wp-content\/uploads\/2019\/09\/CH218718-1.jpg 1633w\" sizes=\"(max-width: 767px) 89vw, (max-width: 1000px) 54vw, (max-width: 1071px) 543px, 580px\" \/><\/a><figcaption> <br><em>Sraz rod\u00e1k\u016f z \u00dadol\u00ed Kamenice_N\u00e1v\u0161t\u011bva Z\u0160 Horn\u00ed Tanvald_2019_foto: M. Jakoubek<\/em> <\/figcaption><\/figure><\/li><li class=\"blocks-gallery-item\"><figure><a href=\"https:\/\/www.fotos-tanvald.cz\/wp-content\/uploads\/2019\/09\/Pap\u00edrn\u00edkovi-1-768x1024.jpg\"><img loading=\"lazy\" width=\"768\" height=\"1024\" src=\"https:\/\/www.fotos-tanvald.cz\/wp-content\/uploads\/2019\/09\/Pap\u00edrn\u00edkovi-1-768x1024.jpg\" alt=\"\" data-id=\"888\" data-link=\"https:\/\/www.fotos-tanvald.cz\/?attachment_id=888\" class=\"wp-image-888\" srcset=\"https:\/\/www.fotos-tanvald.cz\/wp-content\/uploads\/2019\/09\/Pap\u00edrn\u00edkovi-1-768x1024.jpg 768w, https:\/\/www.fotos-tanvald.cz\/wp-content\/uploads\/2019\/09\/Pap\u00edrn\u00edkovi-1-113x150.jpg 113w, https:\/\/www.fotos-tanvald.cz\/wp-content\/uploads\/2019\/09\/Pap\u00edrn\u00edkovi-1-225x300.jpg 225w, https:\/\/www.fotos-tanvald.cz\/wp-content\/uploads\/2019\/09\/Pap\u00edrn\u00edkovi-1.jpg 1166w\" sizes=\"(max-width: 767px) 89vw, (max-width: 1000px) 54vw, (max-width: 1071px) 543px, 580px\" \/><\/a><figcaption> <br><em>Sraz rod\u00e1k\u016f z \u00dadol\u00ed Kamenice_N\u00e1v\u0161t\u011bva Z\u0160 Horn\u00ed Tanvald_2019_foto: M. Jakoubek<\/em> <\/figcaption><\/figure><\/li><\/ul>\n\n\n\n<ul class=\"wp-container-4 wp-block-gallery-3 wp-block-gallery columns-1\"><li class=\"blocks-gallery-item\"><figure><a href=\"https:\/\/www.fotos-tanvald.cz\/wp-content\/uploads\/2019\/09\/Rod\u00e1ci-HT-2016_CH125433-1024x768.jpg\"><img loading=\"lazy\" width=\"1024\" height=\"768\" src=\"https:\/\/www.fotos-tanvald.cz\/wp-content\/uploads\/2019\/09\/Rod\u00e1ci-HT-2016_CH125433-1024x768.jpg\" alt=\"\" data-id=\"893\" data-link=\"https:\/\/www.fotos-tanvald.cz\/index.php\/rodaci-z-udoli-kamenice\/rodaci-ht-2016_ch125433\/\" class=\"wp-image-893\"\/><\/a><figcaption>ROD\u00c1CI Z HORN\u00cdHO TANVALDU 2016_foto: M. Jakoubek<\/figcaption><\/figure><\/li><\/ul>\n\n\n\n<ul class=\"wp-container-6 wp-block-gallery-5 wp-block-gallery columns-1\"><li class=\"blocks-gallery-item\"><figure><a href=\"https:\/\/www.fotos-tanvald.cz\/wp-content\/uploads\/2019\/09\/WEB-15x20_34x-CH107769-1-1024x787.jpg\"><img loading=\"lazy\" width=\"1024\" height=\"787\" src=\"https:\/\/www.fotos-tanvald.cz\/wp-content\/uploads\/2019\/09\/WEB-15x20_34x-CH107769-1-1024x787.jpg\" alt=\"\" data-id=\"897\" data-link=\"https:\/\/www.fotos-tanvald.cz\/index.php\/rodaci-z-udoli-kamenice\/web-15x20_34x-ch107769-1\/\" class=\"wp-image-897\" srcset=\"https:\/\/www.fotos-tanvald.cz\/wp-content\/uploads\/2019\/09\/WEB-15x20_34x-CH107769-1-1024x787.jpg 1024w, https:\/\/www.fotos-tanvald.cz\/wp-content\/uploads\/2019\/09\/WEB-15x20_34x-CH107769-1-150x115.jpg 150w, https:\/\/www.fotos-tanvald.cz\/wp-content\/uploads\/2019\/09\/WEB-15x20_34x-CH107769-1-300x230.jpg 300w, https:\/\/www.fotos-tanvald.cz\/wp-content\/uploads\/2019\/09\/WEB-15x20_34x-CH107769-1-768x590.jpg 768w, https:\/\/www.fotos-tanvald.cz\/wp-content\/uploads\/2019\/09\/WEB-15x20_34x-CH107769-1.jpg 1785w\" sizes=\"(max-width: 767px) 89vw, (max-width: 1000px) 54vw, (max-width: 1071px) 543px, 580px\" \/><\/a><figcaption>ROD\u00c1CI Z \u00daDOL\u00cd KAMENICE 2019<em>_foto: M. Jakoubek<\/em> <\/figcaption><\/figure><\/li><\/ul>\n","protected":false},"excerpt":{"rendered":"<p>2019_ 21. z\u00e1\u0159\u00ed _ Fotogalerie ze srazu rod\u00e1k\u016f z \u00dadol\u00ed Kamenice, b\u00fdval\u00e9ho Horn\u00edho Tanvald a Doln\u00ed Smr\u017eovky. N\u00e1v\u0161t\u011bva ve zrekonstruovan\u00e9 Z\u0160 Horn\u00ed Tanvald s p\u0159iv\u00edt\u00e1n\u00edm a programem od kolektivu u\u010ditel\u016f veden\u00fdch panem \u0159editelem Mgr. Janem Kulh\u00e1nkem. Skupinov\u00e1 fotografie b\u00fdv. \u017e\u00e1k\u016f Z\u0160 Horn\u00ed Tanvald. N\u00e1sledovalo setk\u00e1n\u00ed v restauraci &#8222;U DUBU&#8220; s pozdravem pana starosty Mgr. Vladim\u00edra &hellip; <\/p>\n<p class=\"link-more\"><a href=\"https:\/\/www.fotos-tanvald.cz\/index.php\/rodaci-z-udoli-kamenice\/\" class=\"more-link\">Pokra\u010dovat ve \u010dten\u00ed<span class=\"screen-reader-text\"> &#8222;Rod\u00e1ci z \u00dadol\u00ed Kamenice, b\u00fdval\u00e9ho Horn\u00edho Tanvaldu a Doln\u00ed Smr\u017eovky&#8220;<\/span><\/a><\/p>\n","protected":false},"author":1,"featured_media":0,"parent":0,"menu_order":0,"comment_status":"closed","ping_status":"closed","template":"","meta":{"ngg_post_thumbnail":0},"_links":{"self":[{"href":"https:\/\/www.fotos-tanvald.cz\/index.php\/wp-json\/wp\/v2\/pages\/857"}],"collection":[{"href":"https:\/\/www.fotos-tanvald.cz\/index.php\/wp-json\/wp\/v2\/pages"}],"about":[{"href":"https:\/\/www.fotos-tanvald.cz\/index.php\/wp-json\/wp\/v2\/types\/page"}],"author":[{"embeddable":true,"href":"https:\/\/www.fotos-tanvald.cz\/index.php\/wp-json\/wp\/v2\/users\/1"}],"replies":[{"embeddable":true,"href":"https:\/\/www.fotos-tanvald.cz\/index.php\/wp-json\/wp\/v2\/comments?post=857"}],"version-history":[{"count":8,"href":"https:\/\/www.fotos-tanvald.cz\/index.php\/wp-json\/wp\/v2\/pages\/857\/revisions"}],"predecessor-version":[{"id":902,"href":"https:\/\/www.fotos-tanvald.cz\/index.php\/wp-json\/wp\/v2\/pages\/857\/revisions\/902"}],"wp:attachment":[{"href":"https:\/\/www.fotos-tanvald.cz\/index.php\/wp-json\/wp\/v2\/media?parent=857"}],"curies":[{"name":"wp","href":"https:\/\/api.w.org\/{rel}","templated":true}]}}